{"id":3365,"date":"2023-02-16T15:25:15","date_gmt":"2023-02-16T14:25:15","guid":{"rendered":"https:\/\/finsite.pl\/?page_id=3365"},"modified":"2026-03-18T11:36:14","modified_gmt":"2026-03-18T10:36:14","slug":"wspolpraca","status":"publish","type":"page","link":"https:\/\/finsite.pl\/index.php\/wspolpraca\/","title":{"rendered":"Wsp\u00f3\u0142praca"},"content":{"rendered":"\n<p><strong>Jestem otwarty na komercyjn\u0105 wsp\u00f3\u0142prac\u0119. Poni\u017cej prezentuj\u0119 moje zasi\u0119gi i r\u00f3\u017cne mo\u017cliwo\u015bci wsp\u00f3\u0142pracy. Je\u015bli kt\u00f3ra\u015b forma spe\u0142nia Twoje oczekiwania, masz inny pomys\u0142 na nawi\u0105zanie wsp\u00f3\u0142pracy albo dodatkowe pytania, prosz\u0119 o kontakt.<\/strong><\/p>\n\n\n\n<figure class=\"wp-block-image size-large\"><img decoding=\"async\" loading=\"lazy\" width=\"1024\" height=\"576\" src=\"https:\/\/finsite.pl\/wp-content\/uploads\/2026\/03\/Mouthwatering-caramel-with-a-sprinkling-of-sea-salt-1024x576.png\" alt=\"\" class=\"wp-image-8773\" srcset=\"https:\/\/finsite.pl\/wp-content\/uploads\/2026\/03\/Mouthwatering-caramel-with-a-sprinkling-of-sea-salt-1024x576.png 1024w, https:\/\/finsite.pl\/wp-content\/uploads\/2026\/03\/Mouthwatering-caramel-with-a-sprinkling-of-sea-salt-300x169.png 300w, https:\/\/finsite.pl\/wp-content\/uploads\/2026\/03\/Mouthwatering-caramel-with-a-sprinkling-of-sea-salt-768x432.png 768w, https:\/\/finsite.pl\/wp-content\/uploads\/2026\/03\/Mouthwatering-caramel-with-a-sprinkling-of-sea-salt-1536x864.png 1536w, https:\/\/finsite.pl\/wp-content\/uploads\/2026\/03\/Mouthwatering-caramel-with-a-sprinkling-of-sea-salt-2048x1152.png 2048w, https:\/\/finsite.pl\/wp-content\/uploads\/2026\/03\/Mouthwatering-caramel-with-a-sprinkling-of-sea-salt-1568x882.png 1568w\" sizes=\"(max-width: 1024px) 100vw, 1024px\" \/><\/figure>\n\n\n\n<h2>Mo\u017cliwe formy wsp\u00f3\u0142pracy <\/h2>\n\n\n\n<h4>Lokowanie marki w podcastach<\/h4>\n\n\n\n<figure class=\"wp-block-table reklamowa\"><table><tbody><tr><td><br>Zapraszam do zostania partnerem tworzonych przeze mnie format\u00f3w.<br><br>Podcast &#8222;<strong><a href=\"https:\/\/bit.ly\/3e7ltqv\" target=\"_blank\" rel=\"noreferrer noopener\">Liczby dnia<\/a><\/strong>&#8221; pojawia si\u0119 codziennie po sesji od poniedzia\u0142u do pi\u0105tku na mojej stronie, na kanale YouTube i na profilach podcastowych Spotify i Apple Podcasts. Podcast jest kr\u00f3tkim (ok. 15 min) podsumowaniem najwa\u017cniejszych wydarze\u0144 dnia na rynkach finansowych. Lokowanie marki polega na:<br>&#8211; umieszczeniu wstawki audiowizualnej o d\u0142ugo\u015bci do 60 sekund, kt\u00f3ra zawiera informacj\u0119, kto jest partnerem odcinka i informacj\u0119 dodatkow\u0105 np. szczeg\u00f3\u0142y najnowszej oferty partnera, promocje, zaproszenie na wydarzenie, itp.<br>&#8211; mo\u017cliwa jest prezentacja danych z wykorzystaniem narz\u0119dzi partnera, np. wykres\u00f3w, tabel notowa\u0144, itp.<br>&#8211; informacja o partnerstwie pojawia si\u0119 te\u017c w postach-zajawkach na X i LinkedIn<br>&#8211; w opisie materia\u0142u i postach umieszczane s\u0105 linki odsy\u0142aj\u0105ce lub otagowania<br>&#8211; na stronie pojawia si\u0119 belka z nazw\u0105 partnera i odno\u015bnikiem do jego strony (rys. 9). <br><br>Podcast &#8222;<strong><a href=\"https:\/\/bit.ly\/3sLvCjX\" target=\"_blank\" rel=\"noreferrer noopener\">Kr\u00f3lowie  parkietu<\/a><\/strong>&#8221; pojawia si\u0119 raz w miesi\u0105cu na kanale YouTube, w serwisach podcastowych i na stronie. Jest to podcast o legendarnych inwestorach gie\u0142dowych. Przybli\u017cam ich barwne \u017cyciorysy i omawiam strategie inwestycyjne. Zakres \u015bwiadcze\u0144 partnerskich jest taki sam, jak w przypadku opisanych wy\u017cej &#8222;Liczb dnia&#8221;.<br><br>Cykliczne &#8222;<strong><a href=\"https:\/\/bit.ly\/3UduZeN\" target=\"_blank\" rel=\"noreferrer noopener\">Przegl\u0105dy techniczne wykres\u00f3w<\/a><\/strong>&#8221; pojawiaj\u0105 si\u0119 raz na dwa miesi\u0105ce na kanale YouTube i na stronie. Jest to analiza techniczna sp\u00f3\u0142ek nades\u0142anych przez widz\u00f3w kana\u0142u, przeprowadzana przez prof. Krzysztofa Borowskiego z SGH. Zakres \u015bwiadcze\u0144 partnerskich jest taki sam, jak w przypadku opisanych wy\u017cej &#8222;Liczb dnia&#8221;.<br><\/td><\/tr><tr><td><img decoding=\"async\" loading=\"lazy\" width=\"1055\" height=\"1311\" class=\"wp-image-3531\" style=\"width: 150px;\" src=\"http:\/\/finsite.pl\/wp-content\/uploads\/2023\/02\/grafiki_do_prez_FIN8.png\" alt=\"\" srcset=\"https:\/\/finsite.pl\/wp-content\/uploads\/2023\/02\/grafiki_do_prez_FIN8.png 1055w, https:\/\/finsite.pl\/wp-content\/uploads\/2023\/02\/grafiki_do_prez_FIN8-241x300.png 241w, https:\/\/finsite.pl\/wp-content\/uploads\/2023\/02\/grafiki_do_prez_FIN8-824x1024.png 824w, https:\/\/finsite.pl\/wp-content\/uploads\/2023\/02\/grafiki_do_prez_FIN8-768x954.png 768w, https:\/\/finsite.pl\/wp-content\/uploads\/2023\/02\/grafiki_do_prez_FIN8-77x96.png 77w, https:\/\/finsite.pl\/wp-content\/uploads\/2023\/02\/grafiki_do_prez_FIN8-29x36.png 29w, https:\/\/finsite.pl\/wp-content\/uploads\/2023\/02\/grafiki_do_prez_FIN8-39x48.png 39w\" sizes=\"(max-width: 1055px) 100vw, 1055px\" \/><\/td><\/tr><tr><td><img decoding=\"async\" loading=\"lazy\" width=\"1055\" height=\"1251\" class=\"wp-image-3532\" style=\"width: 150px;\" src=\"http:\/\/finsite.pl\/wp-content\/uploads\/2023\/02\/grafiki_do_prez_FIN9.png\" alt=\"\" srcset=\"https:\/\/finsite.pl\/wp-content\/uploads\/2023\/02\/grafiki_do_prez_FIN9.png 1055w, https:\/\/finsite.pl\/wp-content\/uploads\/2023\/02\/grafiki_do_prez_FIN9-253x300.png 253w, https:\/\/finsite.pl\/wp-content\/uploads\/2023\/02\/grafiki_do_prez_FIN9-864x1024.png 864w, https:\/\/finsite.pl\/wp-content\/uploads\/2023\/02\/grafiki_do_prez_FIN9-768x911.png 768w, https:\/\/finsite.pl\/wp-content\/uploads\/2023\/02\/grafiki_do_prez_FIN9-81x96.png 81w, https:\/\/finsite.pl\/wp-content\/uploads\/2023\/02\/grafiki_do_prez_FIN9-30x36.png 30w, https:\/\/finsite.pl\/wp-content\/uploads\/2023\/02\/grafiki_do_prez_FIN9-40x48.png 40w\" sizes=\"(max-width: 1055px) 100vw, 1055px\" \/><\/td><\/tr><tr><td><img decoding=\"async\" loading=\"lazy\" width=\"1055\" height=\"1108\" class=\"wp-image-3533\" style=\"width: 150px;\" src=\"http:\/\/finsite.pl\/wp-content\/uploads\/2023\/02\/grafiki_do_prez_FIN10.png\" alt=\"\" srcset=\"https:\/\/finsite.pl\/wp-content\/uploads\/2023\/02\/grafiki_do_prez_FIN10.png 1055w, https:\/\/finsite.pl\/wp-content\/uploads\/2023\/02\/grafiki_do_prez_FIN10-286x300.png 286w, https:\/\/finsite.pl\/wp-content\/uploads\/2023\/02\/grafiki_do_prez_FIN10-975x1024.png 975w, https:\/\/finsite.pl\/wp-content\/uploads\/2023\/02\/grafiki_do_prez_FIN10-768x807.png 768w, https:\/\/finsite.pl\/wp-content\/uploads\/2023\/02\/grafiki_do_prez_FIN10-91x96.png 91w, https:\/\/finsite.pl\/wp-content\/uploads\/2023\/02\/grafiki_do_prez_FIN10-34x36.png 34w, https:\/\/finsite.pl\/wp-content\/uploads\/2023\/02\/grafiki_do_prez_FIN10-46x48.png 46w\" sizes=\"(max-width: 1055px) 100vw, 1055px\" \/><\/td><\/tr><\/tbody><\/table><\/figure>\n\n\n\n<h4>Artyku\u0142 na stronie<\/h4>\n\n\n\n<figure class=\"wp-block-table reklamowa\"><table><tbody><tr><td><br>Artyku\u0142 jest dedykowany, co oznacza, \u017ce na g\u0142\u00f3wnej stronie posiada specjaln\u0105 opraw\u0119 graficzn\u0105, ikon\u0119 i jest oznaczony, jako materia\u0142 partnera (rys. 1 i rys. 2). Mo\u017ce to by\u0107 np.: tekst na wybrany temat, opis oferty partnera lub trwaj\u0105cej u niego promocji, etc.<br>Na podstronie artyku\u0142u jest do dyspozycji obszar tekstowy, w kt\u00f3rym mo\u017cna wstawi\u0107 grafiki, tabelki, odno\u015bniki do medi\u00f3w spo\u0142eczno\u015bciowych, linki, video, etc. (rys. 3).<\/td><\/tr><tr><td><img decoding=\"async\" loading=\"lazy\" width=\"1055\" height=\"1350\" class=\"wp-image-3524\" style=\"width: 150px;\" src=\"http:\/\/finsite.pl\/wp-content\/uploads\/2023\/02\/grafiki_do_prez_FIN1.png\" alt=\"\" srcset=\"https:\/\/finsite.pl\/wp-content\/uploads\/2023\/02\/grafiki_do_prez_FIN1.png 1055w, https:\/\/finsite.pl\/wp-content\/uploads\/2023\/02\/grafiki_do_prez_FIN1-234x300.png 234w, https:\/\/finsite.pl\/wp-content\/uploads\/2023\/02\/grafiki_do_prez_FIN1-800x1024.png 800w, https:\/\/finsite.pl\/wp-content\/uploads\/2023\/02\/grafiki_do_prez_FIN1-768x983.png 768w, https:\/\/finsite.pl\/wp-content\/uploads\/2023\/02\/grafiki_do_prez_FIN1-75x96.png 75w, https:\/\/finsite.pl\/wp-content\/uploads\/2023\/02\/grafiki_do_prez_FIN1-28x36.png 28w, https:\/\/finsite.pl\/wp-content\/uploads\/2023\/02\/grafiki_do_prez_FIN1-38x48.png 38w\" sizes=\"(max-width: 1055px) 100vw, 1055px\" \/><\/td><\/tr><tr><td><img decoding=\"async\" loading=\"lazy\" width=\"1055\" height=\"1048\" class=\"wp-image-3525\" style=\"width: 150px;\" src=\"http:\/\/finsite.pl\/wp-content\/uploads\/2023\/02\/grafiki_do_prez_FIN2.png\" alt=\"\" srcset=\"https:\/\/finsite.pl\/wp-content\/uploads\/2023\/02\/grafiki_do_prez_FIN2.png 1055w, https:\/\/finsite.pl\/wp-content\/uploads\/2023\/02\/grafiki_do_prez_FIN2-300x298.png 300w, https:\/\/finsite.pl\/wp-content\/uploads\/2023\/02\/grafiki_do_prez_FIN2-1024x1017.png 1024w, https:\/\/finsite.pl\/wp-content\/uploads\/2023\/02\/grafiki_do_prez_FIN2-150x150.png 150w, https:\/\/finsite.pl\/wp-content\/uploads\/2023\/02\/grafiki_do_prez_FIN2-768x763.png 768w, https:\/\/finsite.pl\/wp-content\/uploads\/2023\/02\/grafiki_do_prez_FIN2-96x96.png 96w, https:\/\/finsite.pl\/wp-content\/uploads\/2023\/02\/grafiki_do_prez_FIN2-36x36.png 36w, https:\/\/finsite.pl\/wp-content\/uploads\/2023\/02\/grafiki_do_prez_FIN2-48x48.png 48w\" sizes=\"(max-width: 1055px) 100vw, 1055px\" \/><\/td><\/tr><tr><td><img decoding=\"async\" loading=\"lazy\" width=\"1055\" height=\"1272\" class=\"wp-image-3526\" style=\"width: 150px;\" src=\"http:\/\/finsite.pl\/wp-content\/uploads\/2023\/02\/grafiki_do_prez_FIN3.png\" alt=\"\" srcset=\"https:\/\/finsite.pl\/wp-content\/uploads\/2023\/02\/grafiki_do_prez_FIN3.png 1055w, https:\/\/finsite.pl\/wp-content\/uploads\/2023\/02\/grafiki_do_prez_FIN3-249x300.png 249w, https:\/\/finsite.pl\/wp-content\/uploads\/2023\/02\/grafiki_do_prez_FIN3-849x1024.png 849w, https:\/\/finsite.pl\/wp-content\/uploads\/2023\/02\/grafiki_do_prez_FIN3-768x926.png 768w, https:\/\/finsite.pl\/wp-content\/uploads\/2023\/02\/grafiki_do_prez_FIN3-80x96.png 80w, https:\/\/finsite.pl\/wp-content\/uploads\/2023\/02\/grafiki_do_prez_FIN3-30x36.png 30w, https:\/\/finsite.pl\/wp-content\/uploads\/2023\/02\/grafiki_do_prez_FIN3-40x48.png 40w\" sizes=\"(max-width: 1055px) 100vw, 1055px\" \/><\/td><\/tr><\/tbody><\/table><\/figure>\n\n\n\n<h4>Video na Youtubie<\/h4>\n\n\n\n<figure class=\"wp-block-table reklamowa\"><table><tbody><tr><td><br>Materia\u0142 video na <strong><a href=\"https:\/\/bit.ly\/3zoU9ec\" target=\"_blank\" rel=\"noreferrer noopener\">kanale<\/a><\/strong> mo\u017ce by\u0107 np.: rozmow\u0105 na ustalony wcze\u015bniej temat, cyklem rozm\u00f3w o charakterze edukacyjnym (np. kilka odcink\u00f3w na temat zarz\u0105dzania ryzykiem) albo prezentacj\u0105 partnera (np.: podsumowanie wynik\u00f3w za dany okres, przedstawienie strategii na kolejny rok, etc.). <br>Przed startem i na ko\u0144cu video na 5 sekund pojawia si\u0119 plansza z logotypem partnera i dopiskiem: &#8222;Partner materia\u0142u&#8230;&#8221; (rys. 4).  W trakcie trwania video kilka razy na dole ekranu pojawia si\u0119 pasek z analogiczn\u0105 informacj\u0105 o partnerze (rys. 4). Dodatkowo &#8211; w opisie video mo\u017cna umie\u015bci\u0107 bardziej szczeg\u00f3\u0142owe informacje o partnerze i linki odsy\u0142aj\u0105ce widz\u00f3w na jego stron\u0119.<br>Z materia\u0142\u00f3w video zgrywane jest audio i umieszczane na profilach podcastowych (Spotify i Apple Podcasts). Przed i po publikacji video jest promowane w mediach spo\u0142eczno\u015bciowych: Twitter i LinkedIn.<\/td><\/tr><tr><td><img decoding=\"async\" loading=\"lazy\" width=\"1055\" height=\"2197\" class=\"wp-image-3527\" style=\"width: 150px;\" src=\"http:\/\/finsite.pl\/wp-content\/uploads\/2023\/02\/grafiki_do_prez_FIN4.png\" alt=\"\" srcset=\"https:\/\/finsite.pl\/wp-content\/uploads\/2023\/02\/grafiki_do_prez_FIN4.png 1055w, https:\/\/finsite.pl\/wp-content\/uploads\/2023\/02\/grafiki_do_prez_FIN4-144x300.png 144w, https:\/\/finsite.pl\/wp-content\/uploads\/2023\/02\/grafiki_do_prez_FIN4-492x1024.png 492w, https:\/\/finsite.pl\/wp-content\/uploads\/2023\/02\/grafiki_do_prez_FIN4-768x1599.png 768w, https:\/\/finsite.pl\/wp-content\/uploads\/2023\/02\/grafiki_do_prez_FIN4-738x1536.png 738w, https:\/\/finsite.pl\/wp-content\/uploads\/2023\/02\/grafiki_do_prez_FIN4-983x2048.png 983w, https:\/\/finsite.pl\/wp-content\/uploads\/2023\/02\/grafiki_do_prez_FIN4-46x96.png 46w, https:\/\/finsite.pl\/wp-content\/uploads\/2023\/02\/grafiki_do_prez_FIN4-17x36.png 17w, https:\/\/finsite.pl\/wp-content\/uploads\/2023\/02\/grafiki_do_prez_FIN4-23x48.png 23w\" sizes=\"(max-width: 1055px) 100vw, 1055px\" \/><\/td><\/tr><\/tbody><\/table><\/figure>\n","protected":false},"excerpt":{"rendered":"<p>Jestem otwarty na komercyjn\u0105 wsp\u00f3\u0142prac\u0119. Poni\u017cej prezentuj\u0119 moje zasi\u0119gi i r\u00f3\u017cne mo\u017cliwo\u015bci wsp\u00f3\u0142pracy. Je\u015bli kt\u00f3ra\u015b forma spe\u0142nia Twoje oczekiwania, masz inny pomys\u0142 na nawi\u0105zanie wsp\u00f3\u0142pracy albo dodatkowe pytania, prosz\u0119 o kontakt. Mo\u017cliwe formy wsp\u00f3\u0142pracy Lokowanie marki w podcastach Zapraszam do zostania partnerem tworzonych przeze mnie format\u00f3w. Podcast &#8222;Liczby dnia&#8221; pojawia si\u0119 codziennie po sesji od&hellip; <a class=\"more-link\" href=\"https:\/\/finsite.pl\/index.php\/wspolpraca\/\">Czytaj dalej <span class=\"screen-reader-text\">Wsp\u00f3\u0142praca<\/span><\/a><\/p>\n","protected":false},"author":1,"featured_media":0,"parent":0,"menu_order":0,"comment_status":"closed","ping_status":"closed","template":"","meta":{"inline_featured_image":false},"acf":[],"_links":{"self":[{"href":"https:\/\/finsite.pl\/index.php\/wp-json\/wp\/v2\/pages\/3365"}],"collection":[{"href":"https:\/\/finsite.pl\/index.php\/wp-json\/wp\/v2\/pages"}],"about":[{"href":"https:\/\/finsite.pl\/index.php\/wp-json\/wp\/v2\/types\/page"}],"author":[{"embeddable":true,"href":"https:\/\/finsite.pl\/index.php\/wp-json\/wp\/v2\/users\/1"}],"replies":[{"embeddable":true,"href":"https:\/\/finsite.pl\/index.php\/wp-json\/wp\/v2\/comments?post=3365"}],"version-history":[{"count":153,"href":"https:\/\/finsite.pl\/index.php\/wp-json\/wp\/v2\/pages\/3365\/revisions"}],"predecessor-version":[{"id":8776,"href":"https:\/\/finsite.pl\/index.php\/wp-json\/wp\/v2\/pages\/3365\/revisions\/8776"}],"wp:attachment":[{"href":"https:\/\/finsite.pl\/index.php\/wp-json\/wp\/v2\/media?parent=3365"}],"curies":[{"name":"wp","href":"https:\/\/api.w.org\/{rel}","templated":true}]}}